{"id":592,"date":"2018-05-25T08:41:18","date_gmt":"2018-05-25T08:41:18","guid":{"rendered":"http:\/\/wp.optymalnie.com.pl\/wordpress\/?page_id=592"},"modified":"2025-02-25T13:17:37","modified_gmt":"2025-02-25T13:17:37","slug":"o-nas","status":"publish","type":"page","link":"http:\/\/wp.optymalnie.com.pl\/wordpress\/o-nas\/","title":{"rendered":"O nas"},"content":{"rendered":"[vc_row][vc_column][vc_column_text]<p><\/p>\n<p><\/p>\n<p><\/p>\n<h3 class=\"sc_section_title sc_item_title sc_item_title_ wp-block-heading\">Pasja, profesjonalizm, jako\u015b\u0107<\/h3>\n<p><\/p>\n<p><\/p>\n<div class=\"wp-block-columns is-layout-flex wp-container-core-columns-layout-1 wp-block-columns-is-layout-flex\">\n<p><\/p>\n<div class=\"wp-block-column is-layout-flow wp-block-column-is-layout-flow\">\n<p><\/p>\n<p>Agencja Optima to multiagencja ubezpieczeniowa, kt\u00f3ra zosta\u0142a za\u0142o\u017cona w 2013 r. Nasze do\u015bwiadczenie w bran\u017cy daje szerokie spektrum mo\u017cliwo\u015bci, co wykorzystujemy podczas negocjacji z towarzystwami ubezpieczeniowymi.<br \/>Nasza specjalno\u015b\u0107 to<strong> kompleksowe doradztwo ubezpieczeniowe<\/strong> zar\u00f3wno ma\u0142ych i \u015brednich przedsi\u0119biorstw oraz klient\u00f3w indywidualnych.<br \/>Maj\u0105c na wzgl\u0119dzie Pa\u0144stwa potrzeby, zawsze dog\u0142\u0119bnie analizujemy sytuacj\u0119 szukaj\u0105c najlepszego rozwi\u0105zania i najkorzystniejszej oferty.<\/p>\n<p><strong>W styczniu 2022 po raz czwarty otrzymali\u015bmy nagrod\u0119 Or\u0142y Ubezpiecze\u0144 &#8211; za zaj\u0119cie I miejsca w miejscowo\u015bci Brwin\u00f3w.<\/strong><\/p>\n<p><\/p>\n<\/div>\n<p><\/p>\n<p><\/p>\n<div class=\"wp-block-column is-layout-flow wp-block-column-is-layout-flow\">\n<p><\/p>\n<p>Wyr\u00f3\u017cniamy si\u0119 <strong>indywidualnym podej\u015bciem do klienta<\/strong>. Zawsze staramy si\u0119 pom\u00f3c w ka\u017cdej sprawie poniewa\u017c zdajemy sobie spraw\u0119, \u017ce ka\u017cda Pa\u0144stwa potrzeba jest wa\u017cna.<br \/>Wsp\u00f3\u0142pracujemy z <strong>ponad 10 r\u00f3\u017cnymi towarzystwami ubezpieczeniowym<\/strong>i dzi\u0119ki czemu por\u00f3wnujemy razem z Pa\u0144stwem dost\u0119pne oferty.<br \/>Wyznacznikiem jako\u015bci naszej pracy s\u0105 polecenia i rekomendacje naszych klient\u00f3w i fakt, \u017ce ponad 92% zalicza si\u0119 ju\u017c do grona sta\u0142ych klient\u00f3w.<\/p>\n<p><\/p>\n<\/div>\n<p><\/p>\n<\/div>\n<p><\/p>\n<p><\/p>\n<h3 class=\"sc_section_title sc_item_title sc_item_title_ wp-block-heading\">Zapraszamy do kontaktu<\/h3>\n<p><\/p>\n<p><\/p>\n<div class=\"wp-block-columns is-layout-flex wp-container-core-columns-layout-2 wp-block-columns-is-layout-flex\">\n<p><\/p>\n<div class=\"wp-block-column is-layout-flow wp-block-column-is-layout-flow\">\n<p><\/p>\n<p>Wszyscy Pa\u0144stwo jeste\u015bcie u nas mile widziani.<br \/>Zapraszamy do kontaktu w dogodnej formie<br \/>W siedzibie Agencji Optima<br \/>ul. Powsta\u0144c\u00f3w Warszawy 3<br \/>05-840 Brwin\u00f3w<\/p>\n<p><\/p>\n<\/div>\n<p><\/p>\n<p><\/p>\n<div class=\"wp-block-column is-layout-flow wp-block-column-is-layout-flow\">\n<p><\/p>\n<ul>\n<li>kontakt telefoniczny:\n<p>693 561 755<\/p>\n<\/li>\n<li>e-mailowo:<br \/>biuro@optymalnie.com.pl<\/li>\n<li>za pomoc\u0105 komunikatora facebooku:<br \/><a href=\"https:\/\/www.facebook.com\/NajtanszeAC\/\" target=\"_blank\" rel=\"noopener noreferrer\">f\/NajtanszeAC<\/a><\/li>\n<\/ul>\n<p><\/p>\n<\/div>\n<p><\/p>\n<\/div>\n<p><\/p>\n<p><\/p>\n<h3 class=\"sc_section_title sc_item_title sc_item_title_ wp-block-heading\">Zesp\u00f3\u0142<\/h3>\n<p><\/p>\n<div class=\"wp-block-columns has-2-columns is-layout-flex wp-container-core-columns-layout-3 wp-block-columns-is-layout-flex\">\n<div class=\"wp-block-column is-layout-flow wp-block-column-is-layout-flow\">\n<h5 class=\"wp-block-heading\">\ufeffPomoc jest nasz\u0105 Misj\u0105<\/h5>\n\n\n\n<p>Nasza  pomoc obejmuje sprawy zwi\u0105zane z szeroko poj\u0119tymi ubezpieczeniami.   Zdajemy sobie spraw\u0119, \u017ce tematy ubezpieczeniowe s\u0105 cz\u0119sto skomplikowane a  og\u00f3lne warunki zagmatwane.  Korzystaj\u0105c ze swojej wiedzy i   d\u0142ugoletniego  do\u015bwiadczenia ch\u0119tnie s\u0142u\u017cymy pomoc\u0105 i zawsze szukamy  mo\u017cliwo\u015bci rozwi\u0105zania problemu. Nie istnieje u nas zwrot \u201eNie da si\u0119\u201d.   Robimy wszystko co w naszej moc, \u017ceby wyja\u015bni\u0107 nawet najtrudniejsz\u0105  spraw\u0119.<\/p>\n<\/div>\n\n\n\n<div class=\"wp-block-column is-layout-flow wp-block-column-is-layout-flow\">\n<h5 class=\"wp-block-heading\">Prywatnie<\/h5>\n\n\n\n<p>Agencja Optima to  osoby o r\u00f3\u017cnym charakterze i  temperamencie. Pozwoli\u0142o to zbudowa\u0107 warto\u015bciowy, niepowtarzalny,  zaanga\u017cowany i zgrany zesp\u00f3\u0142 kt\u00f3ry jest do Pa\u0144stwa dyspozycji. <\/p>\n<\/div>\n<\/div>\n<p><\/p>\n<div class=\"wp-block-columns is-layout-flex wp-container-core-columns-layout-6 wp-block-columns-is-layout-flex\">\n<p><\/p>\n<div class=\"wp-block-column is-layout-flow wp-block-column-is-layout-flow\">\n<p><\/p>\n<div class=\"wp-block-columns is-layout-flex wp-container-core-columns-layout-4 wp-block-columns-is-layout-flex\">\n<p><\/p>\n<div class=\"wp-block-column is-layout-flow wp-block-column-is-layout-flow\">\n<p><\/p>\n<figure class=\"wp-block-image\"><img loading=\"lazy\" decoding=\"async\" width=\"899\" height=\"1024\" class=\"wp-image-701\" src=\"http:\/\/wp.optymalnie.com.pl\/wordpress\/wp-content\/uploads\/2016\/10\/KatarzynaBlaszczak-899x1024.jpg\" alt=\"\" srcset=\"http:\/\/wp.optymalnie.com.pl\/wordpress\/wp-content\/uploads\/2016\/10\/KatarzynaBlaszczak-899x1024.jpg 899w, http:\/\/wp.optymalnie.com.pl\/wordpress\/wp-content\/uploads\/2016\/10\/KatarzynaBlaszczak-263x300.jpg 263w, http:\/\/wp.optymalnie.com.pl\/wordpress\/wp-content\/uploads\/2016\/10\/KatarzynaBlaszczak-768x875.jpg 768w, http:\/\/wp.optymalnie.com.pl\/wordpress\/wp-content\/uploads\/2016\/10\/KatarzynaBlaszczak.jpg 2026w\" sizes=\"(max-width: 899px) 100vw, 899px\" \/>\n<figcaption>Katarzyna \u0141awecka<\/figcaption>\n<\/figure>\n<p><\/p>\n<p><\/p>\n<p class=\"has-text-color has-medium-font-size\" style=\"text-align: center; font-weight: bold; background-color: #f4f4f4; margin-top: -12x; color: #e0395e;\">733\u00a0<wbr \/>761\u00a0<wbr \/>755<\/p>\n<p><\/p>\n<p><\/p>\n<p class=\"has-medium-font-size\" style=\"text-align: center;\">Ekspert ds. obs\u0142ugi klient\u00f3w strategicznych<\/p>\n<p><\/p>\n<p><\/p>\n<p class=\"has-background has-very-light-gray-background-color\" style=\"text-align: center;\">Ubezpieczenia firm, ubezpieczenia flot samochodowych, ubezpieczenia dla pomocy drogowych, gwarancje\u00a0<wbr \/>Ubezpieczeniowe\u00a0<wbr \/>i\u00a0<wbr \/>grupowe\u00a0<wbr \/>ubezpieczenia\u00a0<wbr \/>na \u017c<wbr \/>ycie<\/p>\n<p><\/p>\n<p><\/p>\n<p>Od 2001 roku w bran\u017cy ubezpieczeniowej. Specjalizuj\u0119 si\u0119 w kompleksowej obs\u0142udze ma\u0142ych i \u015brednich przedsi\u0119biorstw. Negocjuj\u0119 dla Pa\u0144stwa warunki odno\u015bnie ubezpieczenia mienia firmy, ubezpieczenia OC dzia\u0142alno\u015bci, ubezpieczenia flot samochodowych oraz ubezpieczenia grupowego dla pracownik\u00f3w.<br \/>Najwi\u0119cej satysfakcji sprawia mi wynegocjowanie najkorzystniejszych warunk\u00f3w dla Pa\u0144stwa i Pa\u0144stwa Firmy. Zar\u00f3wno w \u017cyciu zawodowym jak i prywatnym kieruj\u0119 si\u0119 maksym\u0105, \u017ce prze\u017cyte do\u015bwiadczenia nas wzmacniaj\u0105 a troch\u0119 z przymru\u017ceniem oka podpisuj\u0119 si\u0119 pod stwierdzeniem, \u017ce najbardziej niebezpieczn\u0105 rzecz\u0105 jest wyj\u015b\u0107 za pr\u00f3g domu poniewa\u017c nigdy nie wiadomo dok\u0105d nas nogi ponios\u0105.<br \/>Zawsze z ekscytacj\u0105 wychodz\u0119 z domu i czerpi\u0119 rado\u015b\u0107 z nowych wyzwa\u0144 i nowych do\u015bwiadcze\u0144.<br \/>Prywatnie moj\u0105 najwi\u0119ksz\u0105 pasj\u0105 s\u0105 g\u00f3ry. Ka\u017cd\u0105 woln\u0105 chwil\u0119 staram si\u0119 sp\u0119dza\u0107 aktywnie w g\u00f3rach niejednokrotnie zara\u017caj\u0105c moich przyjaci\u00f3\u0142 swoj\u0105 fascynacj\u0105 do g\u00f3r. Wielogodzinne w\u0119drowanie sprawia mi ogromn\u0105 rado\u015b\u0107.<\/p>\n<p><\/p>\n<\/div>\n<p><\/p>\n<p><\/p>\n<div class=\"wp-block-column is-layout-flow wp-block-column-is-layout-flow\">\n<p><\/p>\n<figure class=\"wp-block-image\"><img loading=\"lazy\" decoding=\"async\" width=\"899\" height=\"1024\" class=\"wp-image-700\" src=\"http:\/\/wp.optymalnie.com.pl\/wordpress\/wp-content\/uploads\/2016\/10\/IwonaCzarnecka2-899x1024.jpg\" alt=\"\" srcset=\"http:\/\/wp.optymalnie.com.pl\/wordpress\/wp-content\/uploads\/2016\/10\/IwonaCzarnecka2-899x1024.jpg 899w, http:\/\/wp.optymalnie.com.pl\/wordpress\/wp-content\/uploads\/2016\/10\/IwonaCzarnecka2-263x300.jpg 263w, http:\/\/wp.optymalnie.com.pl\/wordpress\/wp-content\/uploads\/2016\/10\/IwonaCzarnecka2-768x875.jpg 768w, http:\/\/wp.optymalnie.com.pl\/wordpress\/wp-content\/uploads\/2016\/10\/IwonaCzarnecka2.jpg 2026w\" sizes=\"(max-width: 899px) 100vw, 899px\" \/>\n<figcaption>Iwona Czarnecka<\/figcaption>\n<\/figure>\n<p><\/p>\n<p><\/p>\n<p class=\"has-text-color has-medium-font-size\" style=\"text-align: center; font-weight: bold; background-color: #f4f4f4; color: #e0395e;\">575 561 755<\/p>\n<p><\/p>\n<p><\/p>\n<p class=\"has-medium-font-size\" style=\"text-align: center;\">\u00a0<wbr \/>Ekspert\u00a0<wbr \/>ds.\u00a0<wbr \/>obs\u0142<wbr \/>ugi\u00a0<wbr \/>klienta\u00a0<wbr \/>indywidualnego\u00a0<wbr \/>oraz\u00a0<wbr \/>Ma\u0142<wbr \/>ych\u00a0<wbr \/>i \u015a<wbr \/>rednich\u00a0<wbr \/>przedsi\u0119<wbr \/>biorstw<\/p>\n<p><\/p>\n<p><\/p>\n<p class=\"has-background has-very-light-gray-background-color\" style=\"text-align: center;\">Ubezpieczenia dom\u00f3w, ubezpieczenia samochod\u00f3w, ubezpieczenia na \u017cycie,\u00a0ubezpieczenia dla firm,\u00a0ubezpieczenia flot samochodowych,\u00a0ubezpieczenia turystyczne,\u00a0ubezpieczenia\u00a0zdrowotne<\/p>\n<p><\/p>\n<p><\/p>\n<p>Posiadam wy\u017csze wykszta\u0142cenie z dziedziny Finans\u00f3w i Ekonomii. Odk\u0105d pami\u0119tam pracowa\u0142am z klientem \u2013 pocz\u0105wszy od projekt\u00f3w w kt\u00f3rych uczestniczy\u0142am w szkole \u015bredniej oraz na studiach.<br \/>W ubezpieczeniach pracuj\u0119 od 2016 r. Specjalizuj\u0119 si\u0119 w obs\u0142udze klienta indywidualnego. Jestem Pa\u0144stwa doradc\u0105 w zakresie ubezpiecze\u0144 samochod\u00f3w, ubezpiecze\u0144 dom\u00f3w, ubezpieczeniach wyjazd\u00f3w turystycznych oraz w ubezpieczeniach na \u017cycie. Z przyjemno\u015bci\u0105 przygotowuj\u0119 oferty ubezpieczenia dla Pa\u0144stwa w taki spos\u00f3b \u017ceby zakres ochrony by\u0142 zgodny z potrzebami i oczekiwaniami. Najbardziej w tej pracy podoba mi si\u0119 ci\u0105g\u0142y kontakt z lud\u017ami i fakt, \u017ce mam mo\u017cliwo\u015b\u0107 pomocy gdy jej Pa\u0144stwo potrzebujecie.<br \/>Prywatnie bardzo lubi\u0119 s\u0142ucha\u0107 muzyki i ta\u0144czy\u0107 stacjonarnie oraz klubach i na koncertach \u2013 to mnie odpr\u0119\u017ca i poprawia humor. Z rodzin\u0105 lubi\u0119 poznawa\u0107 nowe miejsca w kraju i za granic\u0105. Interesuj\u0119 si\u0119 r\u00f3wnie\u017c mod\u0105 \u2013 lubi\u0119 uzupe\u0142nia\u0107 swoj\u0105 garderob\u0119.<\/p>\n<p><\/p>\n<\/div>\n<p><\/p>\n<\/div>\n<p><\/p>\n<\/div>\n<p><\/p>\n<p><\/p>\n<div class=\"wp-block-column is-layout-flow wp-block-column-is-layout-flow\">\n<p><\/p>\n<div class=\"wp-block-columns has-2-columns is-layout-flex wp-container-core-columns-layout-5 wp-block-columns-is-layout-flex\">\n<div class=\"wp-block-column\">\n<figure class=\"wp-block-image\">\n<figcaption><\/figcaption>\n<\/figure>\n<p><\/p>\n<p><\/p>\n<p><\/p>\n<div class=\"wp-block-column\">\n<div class=\"wp-block-column\">\n<figure class=\"wp-block-image\"><img decoding=\"async\" class=\"aligncenter wp-image-1317 size-medium\" src=\"http:\/\/wp.optymalnie.com.pl\/wordpress\/wp-content\/uploads\/2025\/02\/Katarzyna-Czyzyk-261x300.jpg\" alt=\"\" height=\"310\" srcset=\"http:\/\/wp.optymalnie.com.pl\/wordpress\/wp-content\/uploads\/2025\/02\/Katarzyna-Czyzyk-261x300.jpg 261w, http:\/\/wp.optymalnie.com.pl\/wordpress\/wp-content\/uploads\/2025\/02\/Katarzyna-Czyzyk-768x881.jpg 768w, http:\/\/wp.optymalnie.com.pl\/wordpress\/wp-content\/uploads\/2025\/02\/Katarzyna-Czyzyk.jpg 800w\" sizes=\"(max-width: 261px) 100vw, 261px\" \/>\n<figcaption>Katarzyna Czy\u017c<\/figcaption>\n<\/figure>\n<p><\/p>\n<p><\/p>\n<p class=\"has-text-color has-medium-font-size\" style=\"text-align: center; font-weight: bold; background-color: #f4f4f4; color: #e0395e;\">690 073 755<\/p>\n<p><\/p>\n<p><\/p>\n<p class=\"has-medium-font-size\" style=\"text-align: center;\">\u00a0<wbr \/>Ekspert\u00a0<wbr \/>ds.\u00a0<wbr \/>obs\u0142<wbr \/>ugi\u00a0<wbr \/>klienta\u00a0<wbr \/>indywidualnego<\/p>\n<p><\/p>\n<p><\/p>\n<p class=\"has-background has-very-light-gray-background-color\" style=\"text-align: center;\">Ubezpieczenia dom\u00f3w i mieszka\u0144,\u00a0ubezpieczenia samochodowe (OC\/AC),\u00a0Ubezpieczenia turystyczne i NNW,\u00a0ubezpieczenia na \u017cycie, ubezpieczenia zdrowotne,\u00a0ubezpieczenia\u00a0firm<\/p>\n<p><\/p>\n<p><\/p>\n<p>&#8230;<\/p>\n<p><\/p>\n<\/div>\n<p><\/p>\n<\/div>\n<p><!-- \/wp:columns --><\/p>\n<\/div>\n<p><!-- \/wp:column --><\/p>\n<p><!-- wp:column --><\/p>\n<div class=\"wp-block-column\">\n<p><!-- wp:columns --><\/p>\n<div class=\"wp-block-columns has-2-columns\">\n<div class=\"wp-block-column\">\n<figure class=\"wp-block-image\">\n<figcaption><\/figcaption>\n<\/figure>\n<p><!-- \/wp:columns --><\/p>\n<p><!-- wp:html --><\/p>\n<p><!-- \/wp:html --><\/p>\n<p><!-- wp:paragraph {\"align\":\"center\",\"backgroundColor\":\"very-light-gray\"} --><\/p>\n<p>&nbsp;<\/p>\n<\/div>\n<\/div>\n<\/div>\n<p><!-- \/wp:paragraph --><\/p>\n<\/div>\n<p><!-- \/wp:column --><\/p>\n<\/div>\n<p><!-- \/wp:columns --><\/p>\n<p><!-- \/wp:column --><\/p>\n<p><!-- \/wp:columns --><\/p>\n<\/div>\n<\/div>[\/vc_column_text][\/vc_column][\/vc_row]","protected":false},"excerpt":{"rendered":"<p>[vc_row][vc_column][vc_column_text] Pasja, profesjonalizm, jako\u015b\u0107 Agencja Optima to multiagencja ubezpieczeniowa, kt\u00f3ra zosta\u0142a za\u0142o\u017cona w 2013 r. Nasze do\u015bwiadczenie w bran\u017cy daje szerokie spektrum mo\u017cliwo\u015bci, co wykorzystujemy podczas negocjacji z towarzystwami ubezpieczeniowymi.Nasza specjalno\u015b\u0107 to kompleksowe doradztwo ubezpieczeniowe zar\u00f3wno ma\u0142ych i \u015brednich przedsi\u0119biorstw oraz klient\u00f3w indywidualnych.Maj\u0105c na wzgl\u0119dzie Pa\u0144stwa potrzeby, zawsze dog\u0142\u0119bnie analizujemy sytuacj\u0119 szukaj\u0105c najlepszego rozwi\u0105zania i [&hellip;]<\/p>\n","protected":false},"author":5,"featured_media":0,"parent":0,"menu_order":0,"comment_status":"closed","ping_status":"closed","template":"","meta":{"footnotes":""},"_links":{"self":[{"href":"http:\/\/wp.optymalnie.com.pl\/wordpress\/wp-json\/wp\/v2\/pages\/592"}],"collection":[{"href":"http:\/\/wp.optymalnie.com.pl\/wordpress\/wp-json\/wp\/v2\/pages"}],"about":[{"href":"http:\/\/wp.optymalnie.com.pl\/wordpress\/wp-json\/wp\/v2\/types\/page"}],"author":[{"embeddable":true,"href":"http:\/\/wp.optymalnie.com.pl\/wordpress\/wp-json\/wp\/v2\/users\/5"}],"replies":[{"embeddable":true,"href":"http:\/\/wp.optymalnie.com.pl\/wordpress\/wp-json\/wp\/v2\/comments?post=592"}],"version-history":[{"count":35,"href":"http:\/\/wp.optymalnie.com.pl\/wordpress\/wp-json\/wp\/v2\/pages\/592\/revisions"}],"predecessor-version":[{"id":1320,"href":"http:\/\/wp.optymalnie.com.pl\/wordpress\/wp-json\/wp\/v2\/pages\/592\/revisions\/1320"}],"wp:attachment":[{"href":"http:\/\/wp.optymalnie.com.pl\/wordpress\/wp-json\/wp\/v2\/media?parent=592"}],"curies":[{"name":"wp","href":"https:\/\/api.w.org\/{rel}","templated":true}]}}